-n*j + 108. List the prime factors of j.
2, 3
Let l(k) = -18*k + 35. What are the prime factors of l(-4)?
107
Let j = 3 + 2. Suppose -t + 5 = -j*w, 4*w + 66 = 3*t + 6*w. List the prime factors of (-2)/(-8) + 715/t.
2, 3
Let t be 6/((-2)/3*-3). Suppose t - 31 = 4*a. Let y = a - -10. List the prime factors of y.
3
Let i(c) = 21*c - 4. Let x be i(-11). Let y = -142 - x. List the prime factors of y.
3, 31
Suppose 0 = -5*v - 2*u + 58, 7*v - 3*v + 3*u = 52. Suppose 4*t = -2*y + v, 0 = -t - y - y + 1. Suppose t*s - 8*s = -95. What are the prime factors of s?
19
Let p(l) = 7 - 4 + 0 - 37*l - 7. Let f be p(-5). Suppose f - 21 = 4*d. What are the prime factors of d?
2, 5
Suppose -2*f + 10*n = 14*n - 7258, 0 = 2*f + n - 7258. What are the prime factors of f?
19, 191
Let p(y) = -24*y - 2 - 3*y + 12*y. Suppose 10 = -5*o - 2*b - 15, 5*o + 5 = 2*b. What are the prime factors of p(o)?
43
What are the prime factors of (-9676)/(-18) + 628/36 + -17?
2, 269
Suppose 4*f = 2784 + 132. What are the prime factors of f?
3
Let y = -34 - -58. Let n = y + -10. List the prime factors of 3 + -2 + 1 + n.
2
Let l = -5 + 5. Suppose l*h + 88 = -2*h + 4*t, 164 = -3*h - 2*t. What are the prime factors of (-7)/21 - h/3?
17
Let g = 190 + 317. What are the prime factors of g?
3, 13
Suppose -56*u - 16192 = -72360. List the prime factors of u.
17, 59
Let y = 1016 - -425. List the prime factors of y.
11, 131
Let p = -29 - -17. Let o(x) = -x**3 - 12*x**2 - 3*x + 4. Let c be o(p). Let u = 26 + c. List the prime factors of u.
2, 3, 11
List the prime factors of (-87)/(-203) - 21844/(-7).
3121
Suppose 2*u = -5*f + 46 + 23, 0 = -5*f - 3*u + 71. Let l = -4 + f. List the prime factors of l.
3
Let m(c) = 211*c + 335. What are the prime factors of m(6)?
1601
Suppose -5*w + 3*k = -0*k, -w = -3*k. Let z = 4 - w. Suppose -z*x = x + 2*g - 99, 3*x - 5*g = 47. What are the prime factors of x?
19
Suppose 5*j + 1 = 11. Let g be 2 - (-7 + j) - 3. Suppose 7*q - g*q = 60. What are the prime factors of q?
2, 5
Let k be (8 - 11)*(-1)/1. Suppose -6*i - k = 3. List the prime factors of 737/(-11)*1*i.
67
Suppose -220547 = -64*k + 102653. List the prime factors of k.
2, 5, 101
Let h(a) = -451*a - 83. What are the prime factors of h(-3)?
2, 5, 127
Suppose 4*w - 9 - 11 = 0. Suppose 5*s + b = 10, 0*s - 5*s - 4*b = w. Suppose 5*d - 122 = -2*g, -3*g + 6 - s = 0. What are the prime factors of d?
2, 3
Let u(a) = 66*a**2 - a. Let b(i) = 3*i + 40. Let h be b(-13). What are the prime factors of u(h)?
5, 13
Suppose -59*a + 46*a = -6838. List the prime factors of a.
2, 263
Let t be (5 - 0)/(-15)*-24. Suppose 0 = 2*c - 0*c + 2*l, -c - t = 3*l. What are the prime factors of 46/6 + c/(-6)?
7
Let a(i) = -i**3 - 6*i**2 + 6*i - 3. Let k be a(-7). Let r = 38 + k. What are the prime factors of r?
2, 3, 7
Let l = -1 + 1. Suppose -5*i + u = -131, i + u - 25 = -l*u. Suppose 5*m + i = 7*m. List the prime factors of m.
13
Suppose 97*d = 75*d + 35728. List the prime factors of d.
2, 7, 29
Let k(r) be the second derivative of -r**4/12 - 5*r**3/2 - 7*r**2/2 - 3*r. Let m(b) = 4*b + 7. Let j be m(-5). List the prime factors of k(j).
19
Suppose 517*j = 513*j + 5216. What are the prime factors of j?
2, 163
What are the prime factors of (0 - (-1 - -9)) + 139?
131
Suppose b + 13 + 27 = 3*q, -70 = -5*q + 5*b. Suppose -q + 1 = -3*z, 0 = -4*l + 3*z + 80. What are the prime factors of l?
23
Let v = -441 - -1855. List the prime factors of v.
2, 7, 101
Suppose 2*i - 3*i = 2*p - 17, 0 = -2*p + 3*i + 37. What are the prime factors of (-1)/((-1)/3) + p?
2, 7
Suppose 0*f + 121 = -3*r + 4*f, f + 31 = -r. Let w = -5 - r. List the prime factors of w.
2, 3, 5
Suppose 6*v = -21 + 1371. What are the prime factors of v?
3, 5
Let t = 1436 + 391. List the prime factors of t.
3, 7, 29
Let v(o) = -3*o - 44. Let a be v(-14). List the prime factors of a/13 + (-19261)/(-221).
3, 29
Let z be -15*(2 - (-80)/(-4)). Suppose -4 = -4*t, -4*t = 2*q - 206 - z. List the prime factors of q.
2, 59
Let y(z) = 2*z**2 - 6*z + 12. Let v = 13 + -7. Suppose 0 = 2*x - 6, 4*a = a + 3*x + v. List the prime factors of y(a).
2
Let r = 471 - 300. List the prime factors of r.
3, 19
What are the prime factors of (14/60 + 5/50)*3399?
11, 103
Let d(t) be the first derivative of 20*t**2 - 17*t + 1. List the prime factors of d(3).
103
Suppose n + n = 8. Let m = 92 + n. Suppose 40 = i - 2*f + 8, 4*f = -3*i + m. List the prime factors of i.
2
Let z be ((-60)/16)/(4/32). Let k be (37/(-3))/(10/z). Let l = k + -28. List the prime factors of l.
3
Suppose -3*k = -6*k. Suppose -3*h - h + b + 241 = k, -h - 5*b = -55. Suppose 3*o - 8*o + h = 0. List the prime factors of o.
2, 3
Suppose 4 = -m + 3*t - 7, -5*m = 2*t - 13. Let v be (3 + (-21)/3)/m. What are the prime factors of 738/27 + v/(-6)?
2, 7
Suppose -2*m + 412 = -124. What are the prime factors of m?
2, 67
Let w(c) = -50*c - 85. List the prime factors of w(-10).
5, 83
Suppose 0 = -3*z + 8*z - 90. Suppose 0*x = 3*x - z. What are the prime factors of (99 + -3)*2/x?
2
Suppose s - 4*g = 1025, -5148 = -2*s - 3*s - 3*g. Suppose 10*l - 1071 - s = 0. What are the prime factors of l?
2, 3, 5, 7
Suppose -5*f - 48 = -f. List the prime factors of ((-20)/f)/((-2)/(-54)).
3, 5
Suppose 4*u - 894 = -2*u. List the prime factors of u.
149
Let n = 1921 + -1038. List the prime factors of n.
883
Let c(v) be the first derivative of v**3/3 + 5*v**2 + 11*v - 1. Let o(z) = -z**3 + 17*z**2 - 43*z + 4. Let l be o(14). List the prime factors of c(l).
11
Let v = -13 - -18. Suppose z - l + v = 3, 0 = l + 1. List the prime factors of 2/z - 518/(-21).
2, 3
Let f(d) = -d**3 - 10*d**2 - 10*d - 11. Let l be f(-7). Let w = -94 + 241. Let q = l + w. List the prime factors of q.
59
Suppose -21861 = 32*s - 53*s. What are the prime factors of s?
3, 347
Let w = 1661 + -1062. Suppose -4*f + d + w = 0, 2*f + 765 = 7*f + 2*d. What are the prime factors of f?
151
Let t = 455 - 191. List the prime factors of t.
2, 3, 11
Let k = 255 + -2. List the prime factors of k.
11, 23
Let g(l) = -l**2 - 104*l - 491. List the prime factors of g(-52).
2213
Suppose -23175 + 116700 = 43*f. What are the prime factors of f?
3, 5, 29
Let l(g) = 41*g - 316. What are the prime factors of l(11)?
3, 5
Suppose -2*n - 10 = -5*j, -4*j - 8 = 5*n - 8*j. Suppose 3*g + 4*y = -n*g + 33, 4*g + 2*y = 34. What are the prime factors of g?
7
Let w(t) = -t**3 + 6*t**2 - t + 1. Let q be w(5). Let m = -18 + q. Suppose m*f + 0*f - 36 = 0. List the prime factors of f.
2, 3
Let b(u) = u**2 + 8*u. Let f be b(-8). Let c(l) = -4*l**2 + 6*l - 58. Let y(h) = -3*h**2 + 5*h - 59. Let a(i) = 4*c(i) - 5*y(i). List the prime factors of a(f).
3, 7
What are the prime factors of (-9)/(7424/(-824) - -9)?
3, 103
Let f = 7 + -4. Suppose x = f*x. Suppose x = -3*c - 0*c + 21. List the prime factors of c.
7
Let o(q) = 3*q - 5. Let v be o(3). Suppose -v*g + 535 = g. Suppose -r = 2*b - g, -4*b - 4*r + 56 = -168. What are the prime factors of b?
3, 17
Suppose 2*v + 16 - 10 = 0. List the prime factors of 825/125 + (v/5 - -1).
7
Let g = -366 - -861. List the prime factors of g.
3, 5, 11
Let o be ((-72)/5)/((-3)/10). Let b(h) = -h**2 - 28*h + 3. Let q be b(-28). Suppose o = q*p - p. What are the prime factors of p?
2, 3
Let o = -23 + 25. Suppose 57 = 3*u - u - l, -5*u - o*l + 129 = 0. List the prime factors of u.
3
Let c be (-1)/1 - (-8)/8. Suppose 2*m - 11 - 31 = c. Suppose -2*n = -7 - m. List the prime factors of n.
2, 7
Let j(o) = -126*o - 426. What are the prime factors of j(-29)?
2, 3, 269
Let n = -57 + 33. Let h = n + 26. Suppose h*q + y = 4*q - 58, 4*q - 4*y - 108 = 0. What are the prime factors of q?
31
Let o = -259 + 374. List the prime factors of o.
5, 23
Let l = 8 - 10. What are the prime factors of 4/l - -8*1?
2, 3
Suppose -3*c - 2*c + f = 131, -5*c = 2*f + 128. Let z = c - -152. List the prime factors of z.
2, 3, 7
Let d = 481 - 37. List the prime factors of d.
2, 3, 37
Suppose 4*s + 3 = 3*i + 7, 3*i - 2*s = 4. Suppose -i*g = q - 7*g - 285, -306 = -q - 4*g. List the prime factors of q.
2, 3, 7
Let l = -28 + 92. Suppose -5*i - 5 = -3*g, -4*g + 3*i = -12 - 2. Suppose l = g*h - h. List the prime factors of h.
2
Let n(k) = 18*k + 77. List the prime factors of n(18).
401
Let t(p) be the third derivative of p**6/120 + p**5/10 - p**4/8 - p**3/6 + p**